alse
Let s(y) = -3*y - 9. Let p be s(4). Let j = 278 - p. Let z = 457 - j. Is z prime?
False
Suppose 5*s = -4*o + 41554, -44*s + 45*s = -2. Is o prime?
True
Let k = -9099 + 17000. Is k a prime number?
True
Let t(d) = 3092*d + 17. Is t(7) prime?
True
Let m(k) = 0 + 388*k**2 + 1 + 3*k - 2 + 4. Let r be m(-2). Suppose 3*z - 2*f - r = -0*f, -20 = -5*f. Is z a prime number?
False
Let j = 4016 - 2398. Suppose -3*q - 509 + 62 = -2*l, -312 = 2*q + l. Let y = j + q. Is y composite?
True
Suppose -59 = -2*c - 2*p + 41, 3*p = 9. Suppose 4*d + 146 = -y, d + c = -0*d + 5*y. Is (69 - 12)*d/(-3) composite?
True
Let k(v) = 301*v**2 + 20*v + 206. Is k(-9) composite?
False
Suppose 0 = 10*n + 628 - 488. Is (10799 - n/7) + 0/2 a prime number?
False
Suppose -5*r - 11 = -26, 2*r + 17456 = 2*f. Suppose 4*m - 9322 = -5*c, -c + f + 2932 = 5*m. Is m composite?
False
Suppose -199*x = -197*x - 195458. Is x a composite number?
False
Suppose -5*u = -3*m - 53289 + 757753, 0 = -5*m - 2*u + 1174179. Is m a prime number?
True
Let z = 3189138 + -1662731. Is z prime?
False
Let c = -141582 + 311405. Is c composite?
False
Let l be (-115)/(-20) - (-3)/(-4). Suppose -3*r = -2*y + 15, -l*y = 4*r - 9*r - 30. Is (-7 - -3)/(-4)*(y - -1168) a prime number?
True
Let b(h) = -1479*h + 155. Is b(-34) a prime number?
True
Suppose -o = 2*f + 4, 2*o - 4*f - 41 = -9. Let b be 8/o*54/4. Let u = b - -13. Is u a prime number?
True
Suppose 13*w - 10*w + 6 = 0. Let z be (w + -16 + 2)/(2/(-3)). Is (93 - 26)*(-1 + z + 0) prime?
False
Let c = -63564 + 111901. Is c a prime number?
True
Let r = -717132 - -1426025. Is r composite?
False
Let n(p) = 87*p + 3266. Is n(20) composite?
True
Let m(g) = g**3 + 4*g**2 + g - 1. Let n be m(-3). Suppose -q + 12 = n*q. Suppose 4*r - 5388 = 2*l, -3*l + q*l + 6721 = 5*r. Is r prime?
False
Suppose 10*n + 31*n = -16*n + 329403. Is n a prime number?
True
Suppose -14*n + 35 = -7. Suppose -v + o = 4*o - 14, v - n*o = -10. Suppose -i = j - 224 - 284, v*j - 3*i = 1001. Is j prime?
False
Let d(s) = 5*s + 38. Let l be d(-7). Suppose -4*n + 5 = -l. Suppose n*m - 29 - 9 = 0. Is m composite?
False
Suppose 7*d + 11844 = -210. Let f = d + 6425. Is f composite?
False
Let n(g) = -24*g - 10 - 9 + 36*g - 71*g**2. Let f be n(10). Is (3/(-15))/((-9)/(-15))*f a composite number?
False
Is (-6631978)/(-15) + 3 - -4 - 148/(-1110) prime?
True
Suppose -3*s - 4*l + 256139 = 0, -69*l + 73*l + 85401 = s. Is s a prime number?
False
Is (-120761874)/(-486) + 28 - (-3)/((-54)/4) a prime number?
True
Let o = 1 + 0. Suppose -k - o = 0, 4*k = -b - 645 - 1111. Is (4 - b)*(-2)/(-4) a prime number?
False
Let z = -49 + 31. Let q = z - -18. Is (-20)/5 - (q - 1059) a composite number?
True
Let z = 219 - 198. Is 0 + 1 - (-238728)/z a prime number?
True
Let o(r) = -10*r - 8*r**2 + 10 + 2*r**2 + 11*r**3 - 4*r**3. Let y(p) = 6*p**3 - 7*p**2 - 9*p + 9. Let z(h) = 5*o(h) - 6*y(h). Is z(11) a prime number?
False
Let w(n) = 38*n**2 + 122*n + 103. Is w(-66) a composite number?
False
Let o(j) = -2499*j + 48. Let v be o(-2). Is ((v/4)/3)/(127/254) composite?
True
Suppose 34*r = 86*r - 22535084. Is r prime?
False
Let d = 473017 - 217704. Is d prime?
True
Suppose -3*s + 4*y - 1218 = 7588, -s + 2*y = 2932. Let l = 7179 + s. Is l a prime number?
False
Suppose 0*f + 535390 - 2133388 = -6*f. Is f composite?
False
Let s(f) = -f + 43. Let d be s(25). Suppose -9*r + 16 = -7*r - 4*z, -4*r + z + d = 0. Suppose 2*w = -0*w - 3*h + 9031, -4*h + 18056 = r*w. Is w composite?
True
Suppose -2*d - 12 = 4*y, -4*d + 4*y = -16 + 4. Suppose -n - 1 = -2*k - 2*k, k + 4*n - 13 = d. Let z(t) = 202*t**3 + t**2 + t - 1. Is z(k) prime?
False
Suppose 9*n = 5*n + 16. Suppose n*t - 19 = -h, 4*t - 11 = 2*t + h. Suppose -t*g - 283 = -9468. Is g a prime number?
False
Let v(w) = -6*w**3 - 8*w**2 + 20*w + 7. Let z(a) = -a**2 - 1. Let y(p) = -v(p) - 4*z(p). Is y(10) composite?
False
Let b(y) = -384847*y + 2409. Is b(-4) prime?
True
Suppose 6434 = 53*n - 54*n. Let p = n - -12135. Is p composite?
False
Let n(d) = -40*d**2 - 4*d + 1. Let l be n(-4). Suppose 0 = 3*j + 4*y + y + 866, -5*j + 5*y = 1510. Let s = j - l. Is s prime?
False
Suppose 2*t + 16 = z - 65, -z + 67 = 5*t. Let o = -73 + z. Suppose 2*h - 1549 = -5*p + 1749, -o*p = 4*h - 6596. Is h prime?
False
Let i(d) = 1031*d - 581. Suppose q = -k + 10 + 2, -2*q = 5*k - 24. Is i(q) a composite number?
True
Let h(o) = 872*o**2 - o + 28. Let r be h(-4). Suppose -4*q + 4*l + r = -7008, -4*q = 3*l - 21013. Is q composite?
True
Let i(p) be the first derivative of -p**4/4 - 2*p**3 + 5*p**2/2 + 9*p + 1. Let u = 7675 + -7682. Is i(u) prime?
True
Suppose -735379 = -3*n + 2*a, -16*n - 4*a + 980532 = -12*n. Is n prime?
True
Let n(t) = 2*t + 30. Let d(v) = -6*v - 39. Let w be d(-5). Let k be n(w). Is 46*1*(-1)/(k/(-282)) a composite number?
True
Let l = 608244 + -15211. Is l a prime number?
False
Let h = 43 + -43. Suppose 1 + 14 = -3*f, -4*i - 4*f + 21632 = h. Suppose -9015 = -5*j + 5*g, j - 4*j + i = -5*g. Is j a composite number?
False
Suppose -89370406 = -509*t + 415*t. Is t a prime number?
False
Let g(y) = -122081*y**3 - y**2 - 5*y - 4. Is g(-1) composite?
False
Let t be (0 - (3 - 2))*2*-2. Suppose t*f - 7591 = 3*b + 32557, 2*f = 2*b + 20074. Is f a composite number?
False
Suppose k - 429 = 311. Let o be 1/4 + -2 + 222/8. Suppose k = 30*l - o*l. Is l a composite number?
True
Is ((-1138)/1707)/(2/(-2069439)) a composite number?
True
Suppose w + j = -4*j - 6, w = -4*j - 4. Suppose w*k + 5*k = 64791. Is k composite?
True
Let n be (3/4)/((-1)/4448). Let j = 1703 - n. Is j a prime number?
True
Let a be (7/(-14))/((-2)/36460). Suppose 20*d - 15*d - a = 0. Is d a prime number?
True
Suppose -3*q + 2*f + 6 = 0, -2*f - 9 = -3*q + f. Suppose q = 4*j - 33355 - 31665. Is j a composite number?
True
Let y = 3680 + -3238. Let x be (-4)/(-14) - 1661/7. Let g = x + y. Is g prime?
False
Suppose -4*p = -396 - 72. Let q = -117 + p. Suppose 2*u - c - 541 = u, q = -2*u + 4*c + 1082. Is u composite?
False
Let b(i) = 232*i**2 + 12*i + 35. Let z(w) = -3*w - 111. Let u be z(-35). Is b(u) a prime number?
False
Let o(v) = -v**3 - 6*v**2 + 4. Let w be o(-6). Suppose 29 = w*c + 13. Suppose -2*q = -10, -2*r - 3*q + 97 = -c*q. Is r a composite number?
True
Let h(r) = r**2 - 2*r. Let g be h(3). Let l be -2 - -10 - 5 - (1 + -2). Suppose l*w - 1072 = -2*x, 3*x + x = g*w - 793. Is w a prime number?
False
Let c(o) = 78 + 132*o**2 + 14 + 17*o - 68*o**2. Is c(-7) prime?
True
Suppose 4*b = -5*m - 65080, 13016 = m - 2*m + 2*b. Is m/(-3) - (-160)/(-96) composite?
False
Suppose 33*n = 10*n + 15*n + 1020056. Is n prime?
True
Suppose -4*k + 0*k + 1004 = 0. Suppose 3*a - k = 31. Suppose 3*o - 174 = -3*l, 2*o = 3*l + 27 + a. Is o prime?
True
Suppose -189 = 6*l - 207. Suppose -u + 375 = 2*u. Suppose -4*j = -l*s - 568, -2*j + s + 157 = -u. Is j a composite number?
False
Suppose 117*h + 21 = 120*h. Let j = h + 286. Is j prime?
True
Suppose 3*c + 5*g = -690, c + 4*g - 1187 = 6*c. Let w = c + 2212. Suppose -w = -u + 1400. Is u a composite number?
True
Suppose -2*q - 3 = q. Let d be ((-120)/(-48))/(q/(-2)). Suppose -5*p - 20 = 0, 0 = d*u - 4*p + 36 - 987. Is u a prime number?
False
Let t = 238535 - 76482. Is t prime?
True
Let a(w) = 11*w**2 + 5*w + 3. Suppose 3*r = -42 + 18. Is a(r) prime?
False
Let q(r) = 1293*r - 195. Let z(y) = 2*y**3 - 13*y**2 - 26*y + 22. Let t be z(8). Is q(t) a composite number?
True
Let f = 11154 - -20780. Let l = f - 47364. Is l/(-20)*2/1 a prime number?
True
Let k(h) be the second derivative of -2255*h**3/3 + 13*h**2/2 - h + 7. Is k(-4) a composite number?
True
Let p = 422 + 628. Suppose -y + 2*b + p - 45 = 0, -1017 = -y - 4*b. Is y prime?
True
Let w(h) = -1713*h + 1636. Is w(-45) prime?
True
Let j be ((-1)/2)/((-10)/(-80)). Let q be (0 + 247)*j/(-4). Let l = 482 - q. Is l a composite number?
True
Let u(z) = z**2 + 2*z + 2. Let o(q) = 6*q + 57. Let k be o(-10). Let d be u(k). Suppose -d*x + 4*x = -889. Is x composite?
True
Let g = 50 - 70. Let j be 15/6*(-32)/g. Suppose -j*w = -3*p - 1000, 4*w - p - 4*p - 992 = 0. Is w composite?
True
Suppose -a = 8*a + 68796. Is -82*a/136 + 8/68 composite?
True
Let u = -36141 + 64790. Is u prime?
True
Let k(r) = 90046*r**2 + 19*r - 13. Is k(4) a composite number?
False
Let t(x) = -8 - 2 - 6 + 2 - 4*x. Let k 